5.
-6
Evaluate (21 - -2 - 53) + 6 + (1 - -8).
-15
What is the value of (0 + -1 - 0) + (68 - 35) + -27?
5
What is 47 + -34 - (2 + 8)?
3
(-1 + -2 - 9) + 11
-1
Evaluate (1 - (-4 + 0)) + (7 + 1 - 11).
2
6 - (-9 + (1 - -4) - 13)
23
Evaluate 0 + -10 - (114 - 122).
-2
Calculate (-60 - -29) + 12 + -1 + 7.
-13
Evaluate 2 - (-1 + 2 + 1 - (7 + -11)).
-4
-4 - (1 + (2 + 6 - 15))
2
27 + 2 - -29 - 39
19
What is -24 + 67 + -31 - -11?
23
Calculate 8 - ((7 - (4 + (9 - 1))) + 12).
1
Calculate 5 + 21 + -17 + 2.
11
What is the value of 0 + -8 + (-6 - -26)?
12
What is 5 + -36 - (-20 + 5 + 0)?
-16
Evaluate -24 + (7 + 0 - (25 + -22)) - -6.
-14
Evaluate 109 + -108 - (-3 - -1).
3
What is the value of 10 + -9 + (6 - 17) + -13?
-23
What is 6 + 8 + 4 + -10 + 7?
15
Calculate -3 - (-2 - -14) - ((0 - -1) + -6).
-10
What is (-26 - -34 - (-1 + 1)) + -11?
-3
Evaluate 11 + (2 - 6) + (45 - 24) + -54.
-26
What is (276 - 317) + (-1 - -65)?
23
Calculate 0 + (-1 - -17 - (21 - 13)).
8
Calculate 2 + (25 - 3) + -30.
-6
Calculate -4 - (-9 - 0 - -1).
4
Calculate (100 - (103 + -4)) + 2 + 25 + 0.
28
What is the value of 0 + -5 + 1 + (16 - 13) + 28?
27
Evaluate (-4 - -1 - ((50 - 28) + -38)) + 2.
15
Calculate -24 + 4 + (5 - -6) - (2 + 0).
-11
12 - (-4 + (-17 - -11))
22
Calculate 6 - (5 + (-5 - -7) - 12).
11
-18 + (16 + -10 - 1) + 0
-13
What is the value of -9 + -7 + (20 - 9) + 1 + 9?
5
-1 - (9 + -7 + -3 + 1)
-1
Calculate -10 - -13 - (4 + (4 - 6) + -10).
11
Calculate 4 - (-10 - 4) - (29 - 26).
15
Calculate 0 + -2 + 7 + (6 - (0 - -5)).
6
Evaluate 3 + 1 - 0 - (12 - 21).
13
9 + (15 - 31) + (1 - (0 + 5))
-11
-1 - (-14 - ((4 - 4) + 0 + -11))
2
What is -15 + 12 + (5 - (-4 + 11 + -3))?
-2
What is (-5 - 2) + 9 - (-93 + 63)?
32
Calculate -4 - (-2 + (4 + 0 - -7) + -5).
-8
Calculate (140 - 155 - (2 - -1)) + (3 - 1).
-16
-9 + (60 - 9) + -45
-3
Calculate 1 + -15 - ((4 - (-5 - -8)) + -7).
-8
(13 - (35 - 26) - (9 - -1)) + -3
-9
Evaluate (1 - 2) + -7 + (-81 - -81).
-8
Calculate -2 + 6 + (3 - (25 + -5)) + -7.
-20
What is 2 + (-8 - 2) - (7 - (6 + 1))?
-8
What is -382 + 389 + (4 - 2) + -2 + -2?
5
(2 - -3) + 8 + 139 + -146
6
(3 - (-23 - 17)) + -19
24
Evaluate (-2 - 11) + -119 + 149.
17
Calculate 25 - (9 + 5) - (2 + 35).
-26
Evaluate (-3 - -11 - 17) + 13 - (11 - 1).
-6
What is 1 + -1 + 11 + -3 + -9 + 0?
-1
What is the value of (-5 - -10 - -9) + -48?
-34
-3 + (7 - 5) + -3 - (-19 + 7)
8
Evaluate (14 - 8 - (1 - 3)) + -16 + 6.
-2
What is the value of 41 + (4 - 6 - 19)?
20
Evaluate 11 + -15 + 8 - (-20 + 6 + -1).
19
Evaluate 73 + -23 + 27 + -47.
30
-3 - (4 - -10) - (-528 - -522)
-11
Calculate 3 + 18 - (-3 - 2 - -10).
16
Calculate -2 + 2 + (10 + -2 - (-1 - -11)).
-2
Calculate -6 - 5 - (-32 + 29).
-8
Calculate 9 + (-17 - (-3 + 14 - -9)).
-28
-11 + (3 - (39 - (11 - -3)))
-33
Evaluate 0 + 14 + (-54 - -62) + -12.
10
Evaluate 1 + -1 + -2 + 35.
33
Calculate 41 - (19 - (-39 + 30)).
13
Calculate (0 - -4) + -20 + (-13 - -26 - -7).
4
What is 0 + -11 + (7 - -3 - -2) + -9?
-8
What is the value of -5 - (15 + -5 + -2)?
-13
Calculate (-14 - -28) + -16 - -18.
16
What is 7 - 10 - (2 + (0 - -3 - 1))?
-7
What is -4 + (-9 - -13 - -7) - -9?
16
Calculate -3 - (10 + -15 - 5).
7
What is the value of (-18 - -48 - 8) + -39?
-17
What is 1 + -34 + (20 + -11 - -6)?
-18
What is the value of -3 + -1 - (-14 + -3 - (23 + -35))?
1
What is the value of -28 + (-17 - -13 - -11) + 7?
-14
What is (-18 - -13) + 52 + -47?
0
Evaluate 70 - 51 - (14 + 23).
-18
What is the value of 3 + (0 - 1) - (444 + -447)?
5
What is the value of 6 + -3 + 0 + (9 - (5 - 5))?
12
What is 4 + (4 - (-7 - -3)) + -10 + 7?
9
Evaluate 17 + (8 - 22) + 13 + 0.
16
-12 + 10 + (12 - 12) + -1
-3
Evaluate 11 + 9 + -20 + 7 + -12.
-5
Evaluate 18 + 0 + 13 + -22.
9
Evaluate 7 + (0 - (7 - 15) - 5).
10
What is the value of -36 - (-10 - (31 - 13))?
-8
Evaluate 6 - (15 - 0 - -6).
-15
Evaluate 44 + (-27 - (-12 + -1)) + -6.
24
0 + -5 - (0 + -11 - 1 - 3)
10
Calculate 19 + 41 + -65 - (-11 + 0 + -1).
7
-13 - -7 - -2 - -1 - -13
10
Calculate (-20 - -3) + 38 + -26 + -9.
-14
What is the value of 17 - (40 + -3 - -2 - 5)?
-17
(7 - -9) + (4 - (3 - 4 - -1))
20
What is the value of (-1 - (-1 - -4)) + (-45 - -64 - 28)?
-13
Calculate -14 - (-19 + 21 - (-2 - -6)).
-12
Evaluate (10 + -13 - -22) + -12.
7
Evaluate 5 - (-4 - (16 - 11)).
14
What is 21 - (2 - -17) - (-2 + 12)?
-8
Calculate 1 + (0 - 7) - (-2 + -1).
-3
What is the value of -5 - (-10 + 10 + -12 - -1)?
6
Evaluate 4 + (-8 - (-4 + -1)) + (-2 - -9).
8
What is the value of 9 + 0 + (-12 - (-25 + 29))?
-7
(-1 - 14) + (-14 + 14 + -19 - -12)
-22
What is the value of 3 - (7 + -10 + -7)?
13
What is 9 - (1 + -2) - (-67 - (-7 - 39))?
31
What is (31 + 0 - -5) + 6 + 15 + -26?
31
Calculate 27 - (30 - (30 + -9)).
18
Calculate -9 - ((-12 - -27) + -11 + (0 - -1)).
-14
What is -8 + 2 - (5 - (18 - 20))?
-13
5 + 14 + 2 + (-1 - 1) + -6
13
Evaluate (-17 - (6 + -6)) + 10.
-7
Calculate -4 - (4 - 0) - (74 - 75).
-7
2 + -13 - -12 - 18
-17
Evaluate -9 + -13 + 24 + (-4 - (1 - 1)).
-2
-240 + 263 + -7 + 3
19
What is (5 - (-17 + 20)) + (-2 - 2)?
-2
Calculate 13 - 3 - (-27 + -6 + 45).
-2
Calculate 7 + 14 + -18 + (0 - 22).
-19
Evaluate (-4 - (-9 + 1)) + 1 - 19.
-14
What is the value of (-15 - -2) + -18 + 34?
3
What is the value of -3 + (10 + -24 - -18) - 12?
-11
What is 32 - ((4 - 36) + 69)?
-5
Calculate (-2 + 4 + -4 - -3) + -11 + -1.
-11
Evaluate 6 - (13 - (-4 - (-8 - (-4 + 1)))).
-6
What is 13 + (-13 - (-11 + (10 - 5))) + 7?
13
3 + 0 + (-10 - (-3 - 2 - -10))
-12
Evaluate 4 + 0 + -18 + 30 + -29.
-13
What is -2 + -4 + (-3 - 2 - 0) + 0?
-11
What is -8 - (3 + -3 + -25)?
17
Evaluate 0 - -1 - (62 - 52) - -6.
-3
Evaluate -5 - -6 - (-16 - -8) - -3.
12
What is 14 - (2 + (-7 - -11) - (5 + 8))?
21
Evaluate 8 + (8 - (12 + -15)).
19
Calculate 18 + -16 + -16 + 4.
-10
(-10 - -27) + -8 + -17 + 15 + -11
-4
Calculate 5 - (16 - (-6 - -8)).
-9
What is the value of -4 + 10 + (5 - 1 - 12)?
-2
-7 - (-2 + 3 + 0 + -9 + 2)
-1
-2 + -6 + (-11 - (4 + (2 - 5)))
-20
-7 + 2 + -2 + (-6 + -1 - -22)
8
Evaluate (17 - -1) + (177 - 194).
1
What is the value of 6 + (7 - 8) + 5 + 2?
12
Evaluate (1 - 3) + (-103 - -93).
-12
Calculate -1386 + 1364 + 0 + 46.
24
What is (-30 - 8 - -66) + -47?
-19
206 + -235 - (-50 + -3)
24
8 + (0 - 2) + (20 - 17 - -1)
10
What is the value of 6 + 4 - 9 - 7?
-6
What is the value of -39 - 0 - (-467 - -418)?
10
Evaluate -11 + (19 - 8 - 31) - -15.
-16
What is the value of -7 + 6 - -2 - 5 - (-5 + 2)?
-1
What is 24 + -25 + 3 + (4 - -5)?
11
Calculate -24 - (7 - (39 + 9)).
17
What is the value of -7 + (-8 - -19) + 0 - 25?
-21
Evaluate 0 + -2 - -9 - (-19 + -10 + 30).
6
What is the value of 0 + 1 - (-12 + -1 + (86 - 79))?
7
What is (-1 - -3 - (19 + -10)) + -3?
-10
What is the value of (8 - (35 + -1 - (10 - 10))) + -3?
-29
Evaluate 15 - 9 - -1 - 9.
-2
Evaluate 147 + -156 + -8 + 0.
-17
What is (15 - 8) + -2 + -3 + (-10 - -6)?
-2
-24 - -36 - (-46 + 50)
8
Evaluate 11 + 3 + -4 + -13 + 30.
27
Calculate 3143 - 3174 - (-66 - -1).
34
-6 + -16 + 20 + 17
15
Evaluate -38 - -44 - 1 - (-1 + 1 - -1).
4
12 + -5 + (-9 - -14) + -19
-7
What is 80 + -79 + 2 + 2 + (0 - -2)?
7
What is the value of -1 + 0 - 5 - (14 + -35) - 3?
12
Calculate -6 + -17 + 3 + 15.
-5
What is the value of -714 + 692 - (1 + -8 + 0)?
-15
Evaluate (-67 - -92) + (-1 - 0) + -11 + 10.
23
12 - -2 - (1 - -8) - 11
-6
Calculate (29 - (29 + 8)) + -14 + 0.
-22
Evaluate (53 - (-24 - -51)) + (-5 - -6).
27
What is the value of 9 + -2 + 6 + -11 + 9?
11
What is the value of (2 - 3) + 101 + -101 + 11 + 0?
10
What is the value of -30 + 92 + -28 - 1?
33
What is 21 + (-8 - -2 - 9)?
6
Evaluate 1 + -1 + 9 + 376 + -363.
22
What is the value of (2 - 28) + 11 + 9 + -4?
-10
Calculate -5 - (1 + (11 + -6 - 5) - -6).
-12
What is (4 - (-4 + 2)) + -97 + 92 + 1?
2
What is the value of -16 - (-23 + 23 + -22)?
6
What is -446 - -442 - (1 - (1 - 3))?
-7
Calculate 7 + (10 + -21 - 9) - 22.
-35
5 - ((-12 - -4 - -1) + -6)
18
What is -7 + 10 + 11 + (-6 - -3)?
11
What is -68 + (35 - (-27 + 24))?
-30
What is the value of 21 + -25 + (23 - 7)?
12
What is -13 - (4 + -19 - (23 - 24))?
1
53 + -54 + 1 + -7 + 4
-3
Calculate 10 + -7 + (1 - 1 - 9).
-6
Evaluate -8 + 8 - (4 + -7 + -5).
8
What is (7 - (14 - 18)) + (0 - 5)?
6
Evaluate -15 + (18 - (0 + 2)).
1
Evaluate (8 - (9 + -2 + -9 + -4)) + 6.
20
Calculate -5 